p(t) - 2*x(t). Give u(0).
-3
Let i(t) be the first derivative of 3*t**4/2 + t**3 + 3*t**2 + t + 12. Let x(s) = -5*s**3 - 2*s**2 - 5*s - 1. Let m(f) = 4*i(f) + 5*x(f). Determine m(-2).
17
Suppose -8*q + 12*q - 16 = 0. Let a be (5 + -4)/(q/16). Let h(s) = -s**2 + 7*s - 6. What is h(a)?
6
Let c(k) = k**2 + 6*k + 3. Let v be (-18 + 13)*2/5. Let j be (v + (-4)/(-12))/(2/6). Calculate c(j).
-2
Let q(x) = -x. Let p(r) = -r**2 + r - 2. Let j(t) = -p(t) - 5*q(t). What is j(-4)?
2
Let z(q) = -4*q + 5. Let l(v) = v. Suppose 4*b - 3 - 21 = 0. Let i(d) = b*l(d) + z(d). Calculate i(5).
15
Let l(f) = f**3 + 16*f**2 - 18*f - 14. Suppose -4*d - 68 = -2*x, 4*d + 46 + 22 = -x. Determine l(d).
3
Let x(r) = r**2 + 6*r + 4. Let a(d) = -d**2 - d - 1. Let j be a(-2). Let g = j - -7. Suppose g*w - 3 - 2 = -5*p, 5*w = 25. Determine x(p).
-5
Suppose -2*p + 13 - 1 = 0. Suppose 5*c = 3*k + 23, 1 = -c - p*k + k. Let m(a) = 19 + 19 - 39 - c*a. Give m(-2).
7
Let b(a) = -a**2 + a + 1. Let n(d) = 3*d + d + 63*d**2 - 67*d**2 + 7 + 6*d. Let h(o) = -5*b(o) + n(o). What is h(-5)?
2
Suppose 0 = -4*t - 11 + 27. Suppose k - 4 = d - 0*k, -t*k = d - 16. Let m(y) = 9*y**2 + y + 0*y**2 + 5 + 2*y**2 - 12*y**2. Calculate m(d).
5
Suppose -3*a - f + 12 = 3, -4*a = -2*f - 22. Suppose -a*k = 0, 4*b - k - k - 4 = 0. Let n(q) = 15*q - 1. What is n(b)?
14
Let x be (5/3)/(30/108). Let d(g) = -1 - 2 - 1 + 2*g. Calculate d(x).
8
Let o(l) = -4*l. Let r = -4 - 10. Let g(a) = -6*a + 0*a - 3*a. Let w(z) = r*o(z) + 6*g(z). Calculate w(-4).
-8
Let m(i) = -45*i**3 + i**2 - 1. Let s = 533 + -532. Calculate m(s).
-45
Let t(o) = 5*o + 1. Let w(x) = 2*x + 1. Let p(n) = -2*n**2 - 3*n - 2. Let m be -1*(-1)/2*-2. Let b be p(m). Let h be w(b). What is t(h)?
-4
Let j(n) = n**2 - 9*n - 15. Let b be j(-2). Suppose -3*k = b*v - 11*v + 1, -5*k - 3*v = 21. Let d(g) = g**3 + 3*g**2 - 5*g - 2. What is d(k)?
13
Suppose 4*f - 36 = 5*r, 2*f = -4*r + f - 12. Let y(k) = -k**3 - 5*k**2 - 4*k - 6. Determine y(r).
-6
Suppose 184*l - 174*l = -20. Let v(o) = -2*o**3 - 3*o**2 - o. Calculate v(l).
6
Let f(l) = 4*l + 8. Let h(y) = -3*y - 8. Let z(b) = 2*f(b) + 3*h(b). Let a be 46/(-6) + 1 - 3/9. Give z(a).
-1
Suppose 2*g + 21 = 3*p, 3*p - 4*g = -g + 21. Suppose h + p = 8. Let v(q) be the first derivative of -3*q**2/2 - 1. What is v(h)?
-3
Let b(v) = 44*v - 403. Let z be b(9). Let n(o) = -2*o + 4. Determine n(z).
18
Suppose 0 = -8*i + 12 + 4. Let d be 0*((-5 + i)*1)/(-3). Let b(z) = z - 4. Determine b(d).
-4
Suppose 3*z + 2*w + 129 = 0, 2*z - 2*w = -z - 129. Let l = z - -46. Let v(p) = 2*p**2 + p + 4. Determine v(l).
25
Suppose -14*w - 33 = 11*w - 333. Let k(b) = -b**3 + 7*b**2 + 5 - 17*b + 5*b + 6*b**2. Determine k(w).
5
Let l(r) = r**3 - 4*r**2 + 5*r - 4. Let v be l(3). Let h(i) be the first derivative of i**4/4 - i**3/3 - 2*i - 854. What is h(v)?
2
Suppose 69*y - 56*y - 208 = 0. Let l(g) = g**2 - 18*g + 36. Calculate l(y).
4
Let b(d) be the third derivative of -d**6/40 - d**5/60 + d**3/6 - 216*d**2. What is b(1)?
-3
Let m(l) = 2*l**3 - 3*l**2 + l - 1. Suppose -4*v - 44 = 4*x, -v + 39 = -5*v - 3*x. Let c = v + 10. Let f be (4 + -3)*c/2. What is m(f)?
5
Let q(b) = -b - 4. Suppose k - 4 - 1 = 0. Suppose -4 = -5*v - k*w + 1, -5*v = -w - 29. Suppose -4*j = h + 23, 3*h + 1 + 0 = v*j. Determine q(h).
3
Let v(u) = 352 + 2*u**2 + 18*u - 702 + 352. Determine v(-9).
2
Let i = -7150 + 7144. Let z(q) be the first derivative of q**4/4 + 5*q**3/3 - 4*q**2 - 4*q - 1. What is z(i)?
8
Let o(c) = -2*c + 22. Suppose 0 = -3*s + 5*s - 16. Let t be o(s). Let a(j) = j - 3. Determine a(t).
3
Suppose 4*w - 23 = 53. Suppose -3*f + w = 124. Let i be (-4)/16 + f/20. Let c(r) = -3*r - 2. Calculate c(i).
4
Let b(u) = -u**2 + 11*u + 7. Let q be b(10). Suppose 13*d - 22 = q. Let t(j) = -6*j. Give t(d).
-18
Let j(x) = -3*x - 4 + 0 + 2*x. Let m be (6 + -8)/(3/6). Calculate j(m).
0
Suppose 3*i + 7 = -4*j, 2*i + 20 + 0 = 5*j. Let s(y) = -2*y**2 - 1. Calculate s(j).
-9
Let y(f) be the second derivative of -f**3/6 + 5*f**2 + 48*f. Suppose -5*h + 16 = -m, 0 = 7*m - 2*m + 3*h - 4. Let q be 52/8 + m/(-2). What is y(q)?
3
Let o be ((-1)/2)/((-4)/56). Let s(j) be the third derivative of -1/24*j**4 + 0 + 1/6*j**3 - j**2 + 0*j. Calculate s(o).
-6
Let c(q) = 9 - 9 - q. Let i(o) be the first derivative of o**4/4 - 8*o**3/3 - 4*o**2 - 10*o + 6. Let j be i(9). Determine c(j).
1
Let w(j) be the third derivative of -j**5/60 - j**4/4 + j**3/2 + j**2. Let n be (-5)/10 + 13/2. Let d be 0/1 + -13 + n. What is w(d)?
-4
Let z(m) = 8*m. Let g(k) = -k - 9. Let r be g(13). Let q = -21 - r. Suppose -3 = l - 3*p - q, l - 6 = -5*p. Calculate z(l).
8
Let s(n) be the third derivative of n**5/60 + n**4/8 - 2*n**3/3 + 234*n**2. Give s(6).
50
Let l(f) = f**3 + 5*f**2 + 6*f + 4. Let n(a) = -5*a**2 + 42*a + 22. Let q be n(9). What is l(q)?
-26
Suppose 179*t = 181*t - 12. Let r(a) = -2*a + 3. Determine r(t).
-9
Suppose z - 8 = -2*s + 11, -2*s - 5*z + 39 = 0. Let l(b) = 3*b**2 - 7*b + 16*b**3 - 31*b**3 - 9*b**2 + 16*b**3 + 3 - 3*b. Calculate l(s).
-18
Let c = -9 - -10. Let b(r) = c + 2 + 5*r + 19*r**3 - 2*r**2 - 20*r**3. Let w be b(-3). Let g(o) = 2*o + 3. Calculate g(w).
-3
Let o(r) be the first derivative of 2*r**3 - 3*r**2 + 1/4*r**4 + 2*r + 9. Calculate o(-7).
-5
Let x(k) be the second derivative of -k**5/60 + k**4/24 - k**3/3 - 3*k**2 + 10*k. Let b(g) be the first derivative of x(g). Give b(-3).
-14
Let p(f) = f**3 - 8*f**2 + 6*f + 4. Suppose -90*j - 18 = -93*j. What is p(j)?
-32
Let f(p) be the third derivative of -p**6/120 - p**5/15 - p**4/8 + p**3/3 - 2*p**2. Let a(d) = -d**3 + 3*d**2 + 13*d - 18. Let l be a(5). Give f(l).
2
Suppose -3*p + 6 = 0, 2*p = -3*c - 9 + 1. Let g(r) = 4*r + 21. Let j be g(c). Let a(f) = -f**2 + 3*f + 2. Calculate a(j).
-8
Let b(g) = g - 11. Let l = 188 + -180. Determine b(l).
-3
Let b be 123/39 + 46/(-299). Let c(j) = -j**2 + j. What is c(b)?
-6
Let h(c) = -c**2 + 10*c + 4. Let l(q) = -2*q**2 + 19*q + 10. Let a(n) = 5*h(n) - 3*l(n). Let p be (-32)/(-10)*5/2. What is a(p)?
-2
Let c = 2 - 0. Let d(q) be the first derivative of q**3/6 - q**2/2 - q + 9. Let y(h) be the first derivative of d(h). Determine y(c).
1
Let m(z) = -z**3 - 7*z**2 - 3*z + 3. Let w(u) = -u**3 - 24*u**2 - 48*u - 94. Let s be w(-22). Calculate m(s).
-15
Let k(n) = -2*n - 7. Let c(r) = 7*r + r + 0*r + 41 - 12. Let a(z) = 2*c(z) + 9*k(z). Determine a(4).
-13
Suppose -3*p + 4 = -2. Let w(r) = p*r + 0*r - r + 5 - 9. Let l be (0 - 2)/(4/(-10)). Determine w(l).
1
Let l(o) be the third derivative of o**7/2520 + o**6/720 - o**5/60 - o**4/2 - 8*o**2. Let w(y) be the second derivative of l(y). What is w(-2)?
0
Let i(z) = 7*z - 6. Let l(w) = -13*w + 11. Let y(u) = -11*i(u) - 6*l(u). Let j(n) = -1. Let b(h) = 2*j(h) + y(h). Let v be (-1 - (5 + -3))*-1. What is b(v)?
1
Let z(q) = q**3 + 4*q**2 + 3*q + 1. Let b be z(-3). Let j be 45/60*b*4. Let k(y) = -y**2 + 4*y + 1. Calculate k(j).
4
Let x(k) = k**2 + 4*k - 21. Let h be x(-10). Suppose q + 11 = -y - 3*q, -4*q = 5*y + h. Let f(i) = -i - 3. Give f(y).
4
Let t(x) = -3*x**2 - 9*x - 1. Let v(a) = 4*a**2 + 11*a + 1. Let j(s) = 3*t(s) + 2*v(s). What is j(-6)?
-7
Let x = 1008 + -999. Let z(u) = -u**2 + 13*u + 6. Give z(x).
42
Let t(n) = n - 13 + 8 - 4. Let k = 1 + 9. Let o be t(k). Let f(p) = 6*p**3 - p**2 + p. Give f(o).
6
Let h = 10 - -10. Let c = h + -14. Let j(g) = -3*g - 14. Let d(m) = -2*m - 8. Let l(n) = 5*d(n) - 3*j(n). What is l(c)?
-4
Suppose 0 = -2*j + 8. Suppose -54 = -4*m - 2*m. Let a(b) = 21*b + 13. Let z(o) = -5*o - 3. Let h(d) = m*z(d) + 2*a(d). What is h(j)?
-13
Let l(b) = 13*b**2 - 4*b - 3. Let w(v) = 28*v**2 - 9*v - 6. Let o(r) = 13*l(r) - 6*w(r). What is o(2)?
5
Let o be (-12 + 8 - -3)/((-5)/30). Let a(f) = -f**2 + 5*f + 11. Give a(o).
5
Let m = 10 + -40. Let f = -32 - m. Let o(g) = 3*g. Determine o(f).
-6
Let i(c) = -2*c + 13*c - 10*c + 3. Let f be i(-7). Let o(r) = 2*r + 4. Give o(f).
-4
Let f(s) be the third derivative of -s**5/60 + 5*s**4/12 - 7*s**3/6 - 30*s**2. Determine f(11).
-18
Let d(y) = -5*y + 2. Suppose 76 + 114 = -5*m. Let c = 42 + m. Calculate d(c).
-18
Let j(v) = 145*v**2 - 2 + 9*v + 0*v**3 - 293*v**2 - v**3 + 9 + 142*v**2. Determine j(-7).
-7
Let g(o) = -5*o + 22. Let j(n) = n**2 - 3*n - 6. Let l be j(-2). Give g(l).
2
Let x(g) = -g